{"id":16,"date":"2024-04-25T09:07:02","date_gmt":"2024-04-25T07:07:02","guid":{"rendered":"https:\/\/tanjas-hundeleinen.ch\/cms\/?page_id=16"},"modified":"2026-03-15T17:21:59","modified_gmt":"2026-03-15T16:21:59","slug":"startseite","status":"publish","type":"page","link":"https:\/\/tanjas-hundeleinen.ch\/cms\/","title":{"rendered":"Startseite"},"content":{"rendered":"\t\t<div data-elementor-type=\"wp-page\" data-elementor-id=\"16\" class=\"elementor elementor-16\">\n\t\t\t\t<div class=\"elementor-element elementor-element-9d39b66 e-grid e-con-boxed e-con e-parent\" data-id=\"9d39b66\" data-element_type=\"container\" data-e-type=\"container\">\n\t\t\t\t\t<div class=\"e-con-inner\">\n\t\t\t\t\t<\/div>\n\t\t\t\t<\/div>\n\t\t<div class=\"elementor-element elementor-element-54c92c6 e-flex e-con-boxed e-con e-parent\" data-id=\"54c92c6\" data-element_type=\"container\" data-e-type=\"container\">\n\t\t\t\t\t<div class=\"e-con-inner\">\n\t\t\t\t<div class=\"elementor-element elementor-element-11ee3ab elementor-invisible elementor-widget elementor-widget-heading\" data-id=\"11ee3ab\" data-element_type=\"widget\" data-e-type=\"widget\" data-settings=\"{&quot;_animation&quot;:&quot;zoomIn&quot;}\" data-widget_type=\"heading.default\">\n\t\t\t\t<div class=\"elementor-widget-container\">\n\t\t\t\t\t<span class=\"elementor-heading-title elementor-size-default\">Herzlich Willkommen \nbei Tanja's Leinen &amp; Halsb\u00e4nder\n f\u00fcr Fellfreunde<\/span>\t\t\t\t<\/div>\n\t\t\t\t<\/div>\n\t\t\t\t\t<\/div>\n\t\t\t\t<\/div>\n\t\t<div class=\"elementor-element elementor-element-62ffbdf e-flex e-con-boxed e-con e-parent\" data-id=\"62ffbdf\" data-element_type=\"container\" data-e-type=\"container\">\n\t\t\t\t\t<div class=\"e-con-inner\">\n\t\t\t\t<div class=\"elementor-element elementor-element-afa8ab7 elementor-widget elementor-widget-text-editor\" data-id=\"afa8ab7\" data-element_type=\"widget\" data-e-type=\"widget\" data-widget_type=\"text-editor.default\">\n\t\t\t\t<div class=\"elementor-widget-container\">\n\t\t\t\t\t\t\t\t\t<p>Meine Leinen und Halsb\u00e4nder sind in den verschiedensten Farben und Gr\u00f6ssen erh\u00e4ltlich. Sie sind 3-fach verstellbar und werden in liebevoller Handarbeit aus Paracord, Baumwolle oder BioThane hergestellt.<\/p><p>Z\u00f6gern Sie nicht Ihre W\u00fcnsche mit mir zu besprechen.<\/p><p>Ich freu mich darauf, f\u00fcr Sie ein einzigartiges St\u00fcck herzustellen!<\/p>\t\t\t\t\t\t\t\t<\/div>\n\t\t\t\t<\/div>\n\t\t\t\t\t<\/div>\n\t\t\t\t<\/div>\n\t\t<div class=\"elementor-element elementor-element-c1d27c7 e-flex e-con-boxed e-con e-parent\" data-id=\"c1d27c7\" data-element_type=\"container\" data-e-type=\"container\">\n\t\t\t\t\t<div class=\"e-con-inner\">\n\t\t<div class=\"elementor-element elementor-element-92c9072 e-con-full e-flex e-con e-child\" data-id=\"92c9072\" data-element_type=\"container\" data-e-type=\"container\">\n\t\t\t\t<\/div>\n\t\t<div class=\"elementor-element elementor-element-214a8da e-con-full e-flex e-con e-child\" data-id=\"214a8da\" data-element_type=\"container\" data-e-type=\"container\">\n\t\t\t\t<div class=\"elementor-element elementor-element-dc5ce7d animated-slow elementor-invisible elementor-widget elementor-widget-image\" data-id=\"dc5ce7d\" data-element_type=\"widget\" data-e-type=\"widget\" data-settings=\"{&quot;_animation&quot;:&quot;slideInUp&quot;,&quot;_animation_delay&quot;:1000}\" data-widget_type=\"image.default\">\n\t\t\t\t<div class=\"elementor-widget-container\">\n\t\t\t\t\t\t\t\t\t\t\t\t\t\t\t<img fetchpriority=\"high\" decoding=\"async\" width=\"300\" height=\"278\" src=\"https:\/\/tanjas-hundeleinen.ch\/cms\/wp-content\/uploads\/2024\/04\/cropped-12489218-new_image1704732621-300x278.png\" class=\"attachment-medium size-medium wp-image-2666\" alt=\"\" srcset=\"https:\/\/tanjas-hundeleinen.ch\/cms\/wp-content\/uploads\/2024\/04\/cropped-12489218-new_image1704732621-300x278.png 300w, https:\/\/tanjas-hundeleinen.ch\/cms\/wp-content\/uploads\/2024\/04\/cropped-12489218-new_image1704732621.png 320w\" sizes=\"(max-width: 300px) 100vw, 300px\" \/>\t\t\t\t\t\t\t\t\t\t\t\t\t\t\t<\/div>\n\t\t\t\t<\/div>\n\t\t\t\t<\/div>\n\t\t<div class=\"elementor-element elementor-element-0df43cf e-con-full e-flex e-con e-child\" data-id=\"0df43cf\" data-element_type=\"container\" data-e-type=\"container\">\n\t\t\t\t<\/div>\n\t\t\t\t\t<\/div>\n\t\t\t\t<\/div>\n\t\t\t\t<\/div>\n\t\t","protected":false},"excerpt":{"rendered":"<p>Herzlich Willkommen bei Tanja&#8217;s Leinen &amp; Halsb\u00e4nder f\u00fcr Fellfreunde Meine Leinen und Halsb\u00e4nder sind in den verschiedensten Farben und Gr\u00f6ssen erh\u00e4ltlich. Sie sind 3-fach verstellbar und werden in liebevoller Handarbeit aus Paracord, Baumwolle oder BioThane hergestellt. Z\u00f6gern Sie nicht Ihre W\u00fcnsche mit mir zu besprechen. Ich freu mich darauf, f\u00fcr Sie ein einzigartiges St\u00fcck herzustellen!<\/p>\n","protected":false},"author":1,"featured_media":0,"parent":0,"menu_order":0,"comment_status":"closed","ping_status":"closed","template":"","meta":{"neve_meta_sidebar":"","neve_meta_container":"","neve_meta_enable_content_width":"","neve_meta_content_width":0,"neve_meta_title_alignment":"","neve_meta_author_avatar":"","neve_post_elements_order":"","neve_meta_disable_header":"","neve_meta_disable_footer":"","neve_meta_disable_title":"","footnotes":""},"class_list":["post-16","page","type-page","status-publish","hentry"],"_links":{"self":[{"href":"https:\/\/tanjas-hundeleinen.ch\/cms\/wp-json\/wp\/v2\/pages\/16","targetHints":{"allow":["GET"]}}],"collection":[{"href":"https:\/\/tanjas-hundeleinen.ch\/cms\/wp-json\/wp\/v2\/pages"}],"about":[{"href":"https:\/\/tanjas-hundeleinen.ch\/cms\/wp-json\/wp\/v2\/types\/page"}],"author":[{"embeddable":true,"href":"https:\/\/tanjas-hundeleinen.ch\/cms\/wp-json\/wp\/v2\/users\/1"}],"replies":[{"embeddable":true,"href":"https:\/\/tanjas-hundeleinen.ch\/cms\/wp-json\/wp\/v2\/comments?post=16"}],"version-history":[{"count":253,"href":"https:\/\/tanjas-hundeleinen.ch\/cms\/wp-json\/wp\/v2\/pages\/16\/revisions"}],"predecessor-version":[{"id":3114,"href":"https:\/\/tanjas-hundeleinen.ch\/cms\/wp-json\/wp\/v2\/pages\/16\/revisions\/3114"}],"wp:attachment":[{"href":"https:\/\/tanjas-hundeleinen.ch\/cms\/wp-json\/wp\/v2\/media?parent=16"}],"curies":[{"name":"wp","href":"https:\/\/api.w.org\/{rel}","templated":true}]}}